 3*u - 4*u = 3*z - 11, -q*z = 5*u - 29. Let l be (2 + 5 - z)*-1. Let m(a) = 2*a + 7. What is m(l)?
-3
Let n(c) = 5*c**2 + 8*c + 1. Let t(v) = v**2 + v + 1. Let b(g) = -n(g) + 4*t(g). What is b(-4)?
3
Let k(y) be the second derivative of y**5/20 - y**4/12 - 3*y**2 + y. Let q = -26 + 26. Give k(q).
-6
Suppose 4*i = m + i, -3*m - 3*i + 12 = 0. Let v be m/(-9) + 11/(-3). Let n(j) = j**2 + 3*j - 5. Determine n(v).
-1
Let y(r) = -2*r - 7. Let l be y(-6). Let v = l + -4. Suppose -5*k + v = -9. Let n(x) = -2*x**2 + x - 1. What is n(k)?
-7
Let n(c) = 3. Let s be 28/(-7) + 1 + -1. Let y(b) = -5*b + 3. Let f(x) = x. Let r(a) = -4*f(a) - y(a). Let d(h) = s*n(h) - 3*r(h). Determine d(-2).
3
Suppose -5*o - 19 = 3*k, -o = 4*o + 2*k + 21. Let j(a) = a**2 + 6*a + 3. Determine j(o).
-2
Let c(n) = 2*n + 7. Suppose 40 = -4*a - 3*j, -4*a = 5*j - 32 + 80. Determine c(a).
-7
Let s(w) = -w + 2. Let x = -7 - -17. Let u = x + -8. Calculate s(u).
0
Let m(k) = -8 + 1 - 2*k + 0*k**3 - k**3 - 5*k**2 + 0*k**2. Let z be m(-5). Let b(r) = 4*r - r - r**2 - z*r - 4 + 7*r. Determine b(6).
2
Let w(q) = 7*q + 3. Let d(i) = -6*i - 3. Let h(j) = -6*d(j) - 5*w(j). Calculate h(-5).
-2
Let v be (-1 - 1)/((-3)/9). Suppose 7*z - 5*z - v = 0. Suppose -2*n = -2*r - 0*r - 10, -z*n - r + 19 = 0. Let h(m) = -m**3 + 7*m**2 - 7*m - 2. Determine h(n).
-8
Let r(n) be the first derivative of -n**3/6 - 5*n**2/2 - 2*n - 4. Let d(l) be the first derivative of r(l). Determine d(-5).
0
Let t = -20 + 25. Let x be -3 + (-24)/(-4) - t. Let q(v) = -2*v**3 - v**2 + 1. What is q(x)?
13
Let u(y) = -y + 2. Suppose 0 = -7*v + 4*v - 9. Let a = v - -3. Calculate u(a).
2
Let c(j) = -j**3 + j - 1. Suppose -3*s + 8*s - 20 = 0, -u - 4*s + 21 = 0. Let w(g) = -4*g**3 + 3*g**2 + 8*g - 3. Let b(h) = u*c(h) - w(h). Determine b(-2).
0
Let n be 5*(12/(-5))/3. Let c = -1 - n. Let v(b) = b**2 - b. What is v(c)?
6
Let n(z) = -z**3 - 2*z**2 + 2*z - 2. Let l(m) = m**2 + 9*m - 14. Let x be l(-10). Let k = x + 1. What is n(k)?
1
Let i(c) = -c**2 + 3*c + 5. Suppose -4*w + 7*w = -12. What is i(w)?
-23
Let i(x) = -2 - 9 - 5 + 17 + x. Give i(-9).
-8
Let o(s) = 4*s**3 + s**2 + 2*s + 1. Let y = -3 - -5. Let d be y/7 + (-45)/35. Calculate o(d).
-4
Let k(i) = -2*i - 5. Suppose 8 = p - 22. Suppose -4*t - 5*q + 40 = 0, 3*t + 20 = 5*t - 5*q. Suppose p = 5*x - t*x. Calculate k(x).
7
Let t(q) be the second derivative of q**3/3 - 4*q**2 + 4*q. Calculate t(6).
4
Let h(r) be the first derivative of r**3/3 + 3*r**2/2 - 2*r + 1. Suppose 0*j + 2*j + 48 = 0. Let p = 21 + j. What is h(p)?
-2
Let h(j) = 4*j**3 + 4*j**2 + 3*j - 1. Let r(m) = -m**2 - m. Let t(q) = h(q) + 3*r(q). Let x be 6/27 + (-4)/18. Let w = x - 1. Calculate t(w).
-4
Let u = -35 + 18. Let w = -12 - u. Let s(d) = d - 4 - w + 1. Give s(0).
-8
Suppose c - 9 = -2*c. Let w(g) = -4*g - 4*g + 8*g + 4*g - c. What is w(3)?
9
Let i(s) be the first derivative of s**3/3 + 7*s**2/2 + 9*s - 59. Calculate i(-6).
3
Suppose -4*o + 3*a + 16 = -5*o, -5*a - 27 = 2*o. Let h(y) = 2*y + 1. Give h(o).
-1
Let n(l) = -l**2 + l + 1. Let v = -108 - -106. Determine n(v).
-5
Let t(o) = -o + 7. Let a be t(7). Let u(d) be the second derivative of 2*d + 1/3*d**3 + a - d**2. Determine u(-3).
-8
Let n(l) = -l**3 - 6*l**2 + 5*l. Let o be n(-6). Let m be ((-1)/2)/((-3)/o). Let j(g) = -g**2 - 2 + 6 + 2 - 6*g. Give j(m).
11
Let s = 2 - 2. Let j(t) = -t**3 - t**2 + t - 4. Let f be j(s). Let n(h) be the first derivative of h**3/3 + 3*h**2/2 - 1. Give n(f).
4
Let y be 0 + 1 + 0 + 2. Suppose -2*d + d + y = 0. Let h(w) = -d*w - 4 + 2*w + 0. What is h(3)?
-7
Let s(y) = y**3 - y**2 + 2*y. Let q(r) = -r**2 + r - 1. Let k(m) = -5*q(m) + s(m). Suppose 2*g + 2*g + 20 = 0. Calculate k(g).
-5
Let d(i) = 4 - 4 - i + 14. Calculate d(11).
3
Let l(j) be the first derivative of j**3/3 + j**2 - 3*j + 8. What is l(2)?
5
Suppose 17 = 4*h + 5. Let b(q) be the third derivative of 5*q**2 + 0 + 1/12*q**4 - 1/6*q**3 + 0*q. Determine b(h).
5
Let u(p) be the third derivative of -p**5/60 + p**4/24 - p**3/6 - 13*p**2. Let t(j) = j**2 + 4*j - 8. Let a be t(-6). Let r be (-1 - 1)/a*0. Give u(r).
-1
Let f(u) be the second derivative of -u**4/12 - u**3/6 - 5*u**2/2 + u. Let c be (-20)/(-50) + (-4)/10. Determine f(c).
-5
Let y(c) be the first derivative of -c**3/3 + 3*c**2 + 2. Let f(l) = -6*l**2 + 2*l + 1. Let z be f(-1). Let m(n) = -2*n - 9. Let r be m(z). Calculate y(r).
5
Let j(k) be the second derivative of -k**3/6 - 2*k**2 - 7*k. Calculate j(-3).
-1
Let u(a) = -a + 10. Let p = 29 - 23. Give u(p).
4
Let p(j) be the second derivative of -j**3/6 - 3*j**2/2 - 8*j. What is p(0)?
-3
Let p(d) = d**2 - d + 1. Let l(c) = -c. Let y = 3 - 7. Let w be (-12)/5 - y/10. Let k be l(w). What is p(k)?
3
Let c(v) = -2*v + 2. Let y = -5 + 8. Suppose -1 = w + y. Let q(h) = 3*h - 1. Let b(f) = w*c(f) - 3*q(f). Give b(5).
-10
Let g(b) = 24*b - 5. Let x(m) = 5*m - 1. Let j(l) = 2*g(l) - 11*x(l). What is j(1)?
-6
Suppose 14*m - 9 = 11*m. Let a(v) = -v**3 + 3*v**2 - 3*v. Give a(m).
-9
Let d(w) = -w**3 + 2*w**2 + 3*w + 4. Suppose -k + 3*t = 6 - 14, 3*t = -3*k. Suppose -8 = k*h - 4. Let j be (h - 0)*6/(-4). Give d(j).
4
Let k(r) = -8*r**2 + r. Suppose 5 - 8 = -3*q. What is k(q)?
-7
Suppose 4*r - 16 + 4 = 0. Let c(g) be the first derivative of -g**4 - 2 - g + 1/2*g**2 - 1/3*g**r. Determine c(1).
-5
Let a(g) = -2*g + 15. Let n = -2 - -3. Let o(v) = n + v - v - v. Let s(m) = a(m) - 3*o(m). Give s(-5).
7
Let a(n) = -n**2 - 5 + 8*n + 9 - n. Calculate a(6).
10
Let m(h) = -h**2 + 12*h - 15. Let i be m(10). Let s(c) = -3*c**3 + 3 + c**3 + 0 - 6*c + 3*c**3 - 4*c**2. Determine s(i).
-2
Let a(u) = u**2 - 4*u - 6. Let q be 105/(-6)*(-3 + 1). Let t = q + -16. Suppose -3*k = -3*x - 9, -k - 5*x - 4 = -t. Give a(k).
-1
Let q = -2 + 3. Let o(r) = -14*r + 37*r - 19*r + q. Calculate o(-3).
-11
Let k(u) = -2*u + 1. Suppose 0*i + 16 = 5*m + 3*i, 3*i - 8 = -m. Suppose 4*z + 1 = 3*a + 2, m*a + 5*z + 16 = 0. Let j be (4/3)/((-2)/a). What is k(j)?
-3
Let s(y) = -y**3 + 4*y**2 - y + 1. Let h be (10/8)/(6/48). Let q be ((-12)/h)/(2/(-5)). Determine s(q).
7
Let u be 0*((-7)/2 - -3). Suppose 5*i + u*i = -5. Let f(p) = -6*p**2 + 1. Let s(b) = -25*b**2 - b + 4. Let t(j) = 9*f(j) - 2*s(j). Calculate t(i).
-5
Suppose -4*t = 2*p - 2 + 8, -3*t = -4*p + 21. Let m(w) = 4*w**2 - 4 + 1 + w**3 + 0*w**2. Determine m(t).
6
Let v(b) be the third derivative of b**7/840 + b**6/120 - b**5/120 - b**4/24 - 3*b**3/2 + 5*b**2. Let d(a) be the first derivative of v(a). What is d(-3)?
2
Let t(z) = -z + 12. Let y be t(15). Let s(j) = 6*j - 2. Give s(y).
-20
Let j(i) = -i**2 + i - 4. Let l(p) = p**2 - p + 3. Let f(z) = -5*j(z) - 4*l(z). Let h(o) = -o**2 + 2*o + 3. Let g be h(3). What is f(g)?
8
Suppose 5*v = 8*v + 12. Let m(y) = 3*y + 6. Determine m(v).
-6
Let z(t) = -3*t**3 - 3*t**2 - 1. Let p(c) = 4*c**3 + 4*c**2 + 1. Let o(k) = 2*p(k) + 3*z(k). Give o(-3).
17
Let q(f) = -13*f + 1. Let c be q(1). Let a be (c/(-9))/((-4)/12). Let s(z) = -z + 1. Determine s(a).
5
Let j = 2 + 8. Suppose -j = 2*d - 0. Let t(n) = n**3 - 4*n**2 - 3*n + 4. Let b(y) = -2*y**3 + 8*y**2 + 6*y - 7. Let z(s) = d*t(s) - 2*b(s). Give z(4).
6
Let u(v) = 6*v + 1. Let f be -2 - (1 - (2 + 0)). Calculate u(f).
-5
Let k(i) be the first derivative of i**4/4 + 4*i**3/3 - 4*i**2 - 7*i + 5. What is k(-5)?
8
Let p(l) be the second derivative of l**5/120 - l**4/6 - l**3/3 - 4*l. Let r(u) be the second derivative of p(u). Give r(0).
-4
Let h be (-20)/30*(1 - 4). Let k(n) = 21*n**h - 21*n**2 + 5*n**3 + 2*n - 1. Give k(1).
6
Let z(l) = -l**3 + 18*l**2 - 18*l + 17. Let v be z(17). Let d(i) be the second derivative of v - 2*i + 2*i**2 + 1/6*i**3. Determine d(3).
7
Let z(m) = m**3 + m**2 + m - 9. Let f(j) = j**3 + 6*j**2 + 6*j + 5. Suppose -4*g - 3*y - y = 40, 0 = 5*g - 5*y. Let a be f(g). Determine z(a).
-9
Let v(r) = -r**3 - 8*r**2 - 8*r - 5. Let o be v(-7). Let m(k) = -o*k + 6*k + 1 - 2*k. What is m(-4)?
-7
Let a = 2 - 3. Suppose 2*u - 13 = 3*y - 3, 2*y + 36 = 4*u. Let f(n) = u + 5*n**2 - 12 - 4*n**2 - 5*n**3. Give f(a).
5
Let g(o) be the second derivative of o**5/60 + o**4/8 - 2*o**3/3 + 2*o. Let v(l) be the second derivative of g(l). Give v(-3).
-3
Let u = -6 + -1. Let b(l) = -l - 2. Let q be b(u). Let h(g) be the first derivative of -g**4/4 + 2*g**3 - 2*g**2 - g + 1.